s -12121 + -200221?
-220112
In base 10, what is 1 - 22545?
-22544
In base 6, what is 2313425 - 2?
2313423
In base 13, what is -a - 2a25?
-2a32
In base 10, what is -5558 + 16?
-5542
In base 10, what is 747472 - 0?
747472
In base 6, what is 114340535 - -2?
114340541
In base 2, what is -1101 + 11111011001?
11111001100
In base 8, what is -12 + -30653?
-30665
In base 7, what is 6132254 + -3?
6132251
In base 12, what is -3 - -1ab96?
1ab93
In base 11, what is 16376 - -4?
1637a
In base 2, what is 111100000000 - 100?
111011111100
In base 7, what is 1421 + -405?
1013
In base 12, what is -271 + 37?
-236
In base 3, what is 111021220 + 212?
111022202
In base 4, what is 0 - 1313012?
-1313012
In base 6, what is 0 - 24321451?
-24321451
In base 16, what is -2 + -1048?
-104a
In base 8, what is -33227 + 5?
-33222
In base 12, what is -3bb + 2a4?
-117
In base 2, what is 11 - 101101011010011?
-101101011010000
In base 11, what is 4 - -1a2862?
1a2866
In base 13, what is -c23 + 19?
-c07
In base 8, what is -2 + -23355?
-23357
In base 4, what is -232320203 - 33?
-232320302
In base 4, what is -13033230 - -1?
-13033223
In base 11, what is -166 + -56?
-211
In base 11, what is 156310 + -3?
156308
In base 11, what is 2 - -133345?
133347
In base 9, what is 81541 + 4?
81545
In base 11, what is -1515a + -2?
-15161
In base 9, what is 17 - -7542?
7560
In base 16, what is -461d - -3?
-461a
In base 15, what is -e273 + 3?
-e270
In base 5, what is 12113 - 1334?
10224
In base 14, what is 2365 + -10?
2355
In base 11, what is -13a8 + 16?
-1392
In base 7, what is 1 - 313055?
-313054
In base 16, what is -13 - -38e?
37b
In base 13, what is 6 + 88294?
8829a
In base 4, what is 12 + 20002100?
20002112
In base 7, what is 605 + 62?
1000
In base 13, what is -29 - 11?
-3a
In base 2, what is -1 + -10011011011110001?
-10011011011110010
In base 12, what is a25a - -14?
a272
In base 10, what is 122147 - -1?
122148
In base 2, what is 1 - -1000110110000111?
1000110110001000
In base 2, what is 10000010 - -110011000111110?
110011011000000
In base 16, what is 12f0 - 136?
11ba
In base 15, what is -7b - 21c5?
-2251
In base 2, what is -10010011 + 10000010010?
1101111111
In base 7, what is -5 - -22153?
22145
In base 10, what is 17104246 + -5?
17104241
In base 16, what is 1 + dbdc?
dbdd
In base 9, what is -1677 + 213?
-1464
In base 13, what is 6c85 + -3a?
6c48
In base 16, what is -44 - -55?
11
In base 2, what is 1 + -1100001111010?
-1100001111001
In base 7, what is -154 + 62123?
61636
In base 9, what is 336134 - 5?
336128
In base 3, what is 11210120 - -20112?
12001002
In base 2, what is 1001111110101110001 - -10?
1001111110101110011
In base 13, what is 169c0 - -2?
169c2
In base 12, what is 790 - -112?
8a2
In base 10, what is -14147 - 282?
-14429
In base 8, what is -115155 - 0?
-115155
In base 11, what is -2 + -76a343?
-76a345
In base 9, what is 42 + -1352?
-1310
In base 10, what is -78685 - 9?
-78694
In base 3, what is -11110011 + 22?
-11102212
In base 6, what is -230501 + -113?
-231014
In base 10, what is -947 - -294?
-653
In base 16, what is 1e9 + -d4?
115
In base 16, what is -6 + 29c?
296
In base 15, what is -194e + -135?
-1a84
In base 6, what is -4543 - 14?
-5001
In base 4, what is -200310 - 31232?
-232202
In base 5, what is 3 + 1422031?
1422034
In base 7, what is -104 - 1261?
-1365
In base 5, what is 1420 + -2213?
-243
In base 14, what is c - 11c6?
-11b8
In base 14, what is -5 + -1a1bc8?
-1a1bcd
In base 3, what is -1111220 - 1120?
-1120110
In base 15, what is 34 + -15a?
-126
In base 8, what is 5 - 7661?
-7654
In base 15, what is da96 - -1d?
dab4
In base 10, what is -4 - -88453?
88449
In base 2, what is -1010000011110 + 1110?
-1010000010000
In base 11, what is -78 + -4530?
-45a8
In base 7, what is -54 + 546?
462
In base 5, what is 2144423 - 341?
2144032
In base 2, what is -11110010000100011101 - -11?
-11110010000100011010
In base 12, what is -24a5a - 4?
-24a62
In base 2, what is 1000 - -100011010110?
100011011110
In base 3, what is 11122220 + -111?
11122102
In base 2, what is 11010000000001010 - 0?
11010000000001010
In base 8, what is 1044564 - -2?
1044566
In base 2, what is 11000101000100 - 101?
11000100111111
In base 12, what is -4 + -706115?
-706119
In base 5, what is -112323 - 303?
-113131
In base 14, what is 76b7 - -3?
76ba
In base 3, what is 1000 + -101202001210?
-101202000210
In base 10, what is -17 - 8616?
-8633
In base 10, what is 23355 + 1?
23356
In base 15, what is -b9 - 8ba?
-984
In base 14, what is -613 - 256?
-869
In base 16, what is 6e + -3dc?
-36e
In base 2, what is -101111101 + -1100001000?
-10010000101
In base 9, what is -15043 + -35?
-15078
In base 10, what is 15 - -35604?
35619
In base 14, what is -8598 - 4?
-859c
In base 10, what is 56 - -32?
88
In base 6, what is -3 + 132524?
132521
In base 12, what is -a34 - -261?
-793
In base 11, what is -75099 - -4?
-75095
In base 12, what is 2211 - b?
2202
In base 2, what is 10010100101011 + -11100?
10010100001111
In base 14, what is -2a + a48?
a1c
In base 2, what is -1100110110 + -100011?
-1101011001
In base 12, what is -6 - 357?
-361
In base 12, what is 1a - -168?
186
In base 9, what is 583 - -14412?
15105
In base 16, what is 135f + 20?
137f
In base 15, what is -6 + 12d32?
12d2b
In base 14, what is 320727 - 4?
320723
In base 16, what is -66b - -166?
-505
In base 9, what is -63482 - 2?
-63484
In base 16, what is 58f + -52?
53d
In base 9, what is -2855 - 245?
-3211
In base 10, what is 66170 - 1?
66169
In base 12, what is -8 + -1035b?
-10367
In base 15, what is -5 - -205b?
2056
In base 12, what is 30208 + 10?
30218
In base 6, what is 5131014 - -2?
5131020
In base 2, what is 1011000 + -101100110001010?
-101100100110010
In base 13, what is 2 - -16b63c?
16b641
In base 2, what is -101110011100100101 + 10?
-101110011100100011
In base 8, what is 7 + -3135?
-3126
In base 8, what is 6 - -26033?
26041
In base 10, what is 1918 + 734?
2652
In base 16, what is 538b4 - 2?
538b2
In base 11, what is 4 + 2aa27?
2aa30
In base 14, what is 15d30 - 5?
15d29
In base 8, what is 511 - 1321?
-610
In base 13, what is 102 + 13c?
241
In base 9, what is -1400 + -42?
-1442
In base 6, what is -5 - 100330?
-100335
In base 14, what is 24 - 384d?
-3829
In base 2, what is -11 + -1100010110010010?
-1100010110010101
In base 13, what is 1a + 16888?
168a5
In base 14, what is -c + 347?
339
In base 4, what is -21 + -3300110?
-3300131
In base 12, what is 3 - -9512?
9515
In base 10, what is 30223 - -5?
30228
In base 16, what is 7 + -107ca?
-107c3
In base 16, what is -5 - -bf34?
bf2f
In base 7, what is -1 + 314620?
314616
In base 9, what is 88 + 4532?
4631
In base 11, what is 4534 + 16?
454a
In base 14, what is -dd - -103?
4
In base 8, what is -2661 - -112?
-2547
In base 11, what is 15 - -34879?
34893
In base 11, what is 7 - -28011?
28018
In base 7, what is 64 - 2?
62
In base 7, what is 3366 + 431?
4130
In base 14, what is -55 + 7b?
26
In base 13, what is 8bc91 - 2?
8bc8c
In base 13, what is -77a7b - 22?
-77aa0
In base 13, what is 25862 - -4?
25866
In base 14, what is -5196 + 1d4?
-4da2
In base 7, what is -5 + 553163?
553155
In base 15, what is 1 + 3588?
3589
In base 5, what is 2443004 + -22?
2442432
In base 14, what is 1264d - 3?
1264a
In base 14, what is 64 - 6213?
-618d
In base 3, what is 1010000 + -211?
1002012
In base 4, what is -20323 + -3130?
-30113
In base 14, what is b + 11aa?
11b7
In base 3, what is 0 - 11000010122?
-11000010122
In base 10, what is -8 - -114052?
114044
In base 10, what is 310147 + -1?
310146
In base 7, what is -65013 - 0?
-65013
In base 9, what is -142306 - 0?
-142306
In base 12, what is 2bb1aa1 - 2?
2bb1a9b
In base 2, what is 1110110101101 - 10010?
1110110011011
In base 15, what is -2 + -121b0?
-121b2
In base 10, what is -6789 + -6?
-6795
In base 10, what is 6 + 534?
540
In base 6, what is 1502225 - 12?
1502213
In base 3, what is 12011210 - 2000?
12002210
In base 14, what is 91 + 1d8?
289
In base 4, what is -10310 - 300021?
-310331
In base 4, what is 0 + -10203332?
-10203332
In base 2, what is 101 + -1100011100011000?
-1100011100010011
In base 16, what is af85 - 1?
af84
In base 15, what is 4aa - -56?
511
In base 10, what is -706 - -469?
-237
In base 11, what is 5 + -522?
-518
In base 8, what is 115 + -13154?
-13037
In base 7, what is -1 - 6615030?
-6615031
In